
-24
Evaluate -2 - -13 - -1 - ((223 - 133) + -50).
-28
What is -14 + 37 - (0 - -35)?
-12
Evaluate 0 - -63 - (-2046 - -2071).
38
What is the value of (97 - (-64 + 84)) + 30?
107
35 + (5 - -37 - (133 + -173))
117
-8 + 66 - (203 - 149)
4
Evaluate -6 + (-124 - -121) + (-3 - -1 - (-5 - -2)).
-8
What is -45 + 60 + (-97 - -2) - -27?
-53
1 - 59 - (-4593 - -4514)
21
Evaluate -1 + 3 + 3 - ((2 - -18) + -9) - -6.
0
-5 - (40 + 6) - (61 + -34 - 32)
-46
(-52 - (61 + -62)) + 38
-13
What is the value of (105 + -36 - 46) + (-1 - 49)?
-27
Evaluate (-39 - 26) + 9 + -12 + (-3 - -5).
-66
What is the value of (0 - (-2 - 4) - (36 - 23)) + (118 - 161)?
-50
-11 + 22 - (-12 + 0 - -22)
1
Calculate (14 + -12 + 11 - -22) + (-9 - 1).
25
-92 - (54 - (183 + -101))
-64
Calculate 41 + -81 + -6 - -35.
-11
(-2 - -97) + (-5361 - -5190)
-76
Evaluate -8 + 18 - ((-1 - 18) + (403 - 341)).
-33
What is -1 + (18 + 0 - 19 - 6) + 47?
39
(30 - -7) + -154 - -40
-77
What is (-22 + -10 - -33) + (0 - 3 - -1) + 29?
28
What is the value of (17 - 1) + (9 + 2 - (7 + -4))?
24
What is 42 + (54 - 6) - 59?
31
Evaluate 3 + (11 + -6 - 0 - (-5 + 10)) + 10.
13
What is the value of 24 - (5 - (0 - -1)) - (1105 - 1114)?
29
(-2 - (-2 - 97)) + 57 + 16 + 27 + -100
97
Calculate (12 - 26 - (-3 + 2)) + (16 - -6).
9
What is (-81 - -67 - (-7 + 1)) + (27 - (-5 + 2))?
22
What is 0 + -25 + -579 + 630?
26
Calculate 2 - (3 + -15 + 25) - (0 - -4) - -162.
147
What is the value of 6 + (-35 + 14 - (-3 - 3)) - (56 + -4)?
-61
35 + (-88 - -27) + -15 + 26
-15
What is 55 + -1 - ((-10 - 4 - 18) + 20)?
66
What is the value of -186 - -115 - (-116 - 4)?
49
Calculate -29 + -70 - (-22 + (-33 - -16)).
-60
61 + 117 + -107 - (23 - 1)
49
Calculate (4198 - 4140) + 0 + -101.
-43
Evaluate 0 - 6 - (-1 - (0 + -1 + -4)) - 7.
-17
What is the value of 76 - (57 + (56 - -32))?
-69
What is 12053 + -12112 + (25 - 1) + 0?
-35
What is 10 + (-15 - (3 - 29)) + -28 + -44?
-51
What is 20 + -13 + -5 - (-2 - (33 + -10 + 11))?
38
What is the value of (156 - 95) + -129 + 81?
13
What is 18 - (-82 - (-112 + -40))?
-52
(-13 - -2 - (80 + -92)) + -77 + -7
-83
-77 + (-15 + -2 - (-322 + 313))
-85
What is -10 + -2 + (-4 - -13 - 5 - 17) - -3?
-22
What is (-29 - (-12 + 27)) + (11 + (2 - 3) - -2)?
-32
What is the value of -88 + 119 + (-13 - 117)?
-99
What is 74 + -24 + 92 + -66?
76
(-3 + 6 - -4 - 2) + 12
17
What is the value of -46 + 58 - (9 - -32)?
-29
What is the value of -474 + 446 - (1 - 40) - (35 - 1)?
-23
Evaluate -3 + (-8 - -56) + -72.
-27
What is (-5 - 0) + 6 + -17 + (12 - -31)?
27
Evaluate -1 + -109 + (-118 - -91) + 6 + -20.
-151
-2 - -1 - -20 - ((-339 - -161) + 155)
42
What is the value of 49 + 29 + -27 + -60?
-9
What is the value of 118 + (-5 - (-11 + 11 - 7) - 21)?
99
Evaluate 1 + (-1 + 40 - 20 - -22).
42
-47 - -6 - (-32 + -5 + 32)
-36
Calculate 1 + -27 + (184 - 339) + 151.
-30
21 + -36 - (-6 - -2) - (0 + -39)
28
Calculate 0 + -11 + (2 - (21 + -35)) + -29 + 20.
-4
-153 + 6 + 89 + -98 + 28 + 3
-125
Evaluate -72 - ((-97 - -67) + -1 + 9).
-50
What is the value of (-126 + 139 - -120) + -135?
-2
What is the value of (19 - (14 - (2 + 6))) + 0?
13
What is -70 - (39 - (-7 + 49) - 37)?
-30
Calculate -13 + -20 + 12 + (-22 - -36).
-7
-68 + (87 - 12) + (3 + (100 - -4) - 3)
111
Evaluate -7 - ((37 - (31 - -10)) + (6 - 2)).
-7
47 + (11 - 32 - -12) + 19
57
What is -1 - -119 - (-380 + 189 - -219)?
90
109 + 124 + -227 + 14
20
What is the value of 9 - (290 + -244 - (-2 - 0))?
-39
Calculate -37 + 80 + 1 - 34 - ((-1 - 1) + -64).
76
Evaluate -102 + 112 + -13 + 1 - -6.
4
Calculate (2 - (-10 + 21)) + 63 + -4 + 1.
51
What is 28 + -38 + 18 - 97 - 3?
-92
What is 83 + (-4 + 21 - 9 - 27)?
64
Calculate 39 - (25 - (-25 - -9)).
-2
What is -7 + 2 + -11 + -28 + 37?
-7
What is the value of -27 - (38 + -10 + -43 - (-5 - 0))?
-17
Calculate 941 + -971 + 51 + 1.
22
(-5 + -8 + 19 + -3 - (-1 + -58)) + 9
71
-51 + (-8 + -9 - (-29 - -9))
-48
Evaluate 23 - (-77 - (-20 - 79)) - (-1 + 1 + -14).
15
What is the value of 64 - ((-46 - -48 - (6 - (3 + 1))) + 1)?
63
Evaluate (14 - 3) + (34 + -24 - (0 + 7)).
14
What is the value of -82 + -2 - (509 - 572)?
-21
What is 93 + -15 + 61 + -48?
91
What is 96 - (126 - -64 - 95)?
1
Calculate 17 - (-23 - ((-65 - -12) + 24)) - (1 - 64).
74
Calculate 74 + (-39 - 66) + 67.
36
What is -403 + 357 + 40 + 6?
0
What is the value of -60 - ((63 - 101) + (17 - 1))?
-38
Calculate (-9 - (3 + -10 - -27)) + -10 + 18.
-21
What is the value of -1 + 19 - (-2302 + 2338)?
-18
What is (-5 - -2) + (-1 - -4) + -4 + 9853 + -9893?
-44
98 - -12 - 16 - (14 + -11 + 10)
81
What is -14 - (-6 + (-7 - -45) + 7 - -1)?
-54
Evaluate -15 + 34 + 12 + -38 + 42 + 1.
36
(-26 - -47) + (0 - -2) + -56
-33
What is (-105 + (30 - 3) - -34) + 0 + 1?
-43
27 + -12 + -48 + 20 + 0
-13
Calculate 31 + 39 + -93 + -14.
-37
Calculate 113 + -4 + -158 + 93.
44
Calculate (3 - (9 - 12)) + -36 + 4 + 11 + -73.
-88
Evaluate 4 - -3 - ((1 - -1 - (12 + -14)) + 16).
-13
What is (-42 - 41 - -47) + 79?
43
(0 - -1) + -69 - (1 + -88 + -6132 + 6207)
-56
(-60 - -18) + 63 - 39
-18
Calculate (-10 - -33) + -27 + (14 - 10).
0
(67 - ((10 - 12) + -3 - -6)) + -11
55
Evaluate -4 + -6 + (0 - 16) + 64.
38
What is (-57 - -70 - -17) + -131 + -5?
-106
What is the value of (-4 - 4 - 19 - -4 - -16) + 11 - -3?
7
Evaluate 200 - (58 + -3) - (20 + -8 + 4).
129
What is the value of -22 + (18 - 1) + 74 + -22?
47
Calculate 65 + (-33 - (18 + 16)).
-2
-44 - (74 + -270 + 63)
89
What is -195 + 184 - (4 + (-42 - -8)) - 0?
19
Evaluate (-18 - (-34 - -14)) + 11 + (10 - 170) + 11.
-136
108 + -102 + (5 - 0) - 22 - 14
-25
What is the value of (-2 - (-30 - -17)) + 4 - 32?
-17
Calculate 23 - -16 - (98 + 101) - -43.
-117
What is -1 + -69 - (-13648 + 13671)?
-93
111 - ((36 - -123) + -74)
26
What is 5 + 8 + (-33 - -32 - -11 - (-1 + 2))?
22
81 + 8 + -11 + (24 - 9) + -8
85
(5 + 24 - 23) + (6 - 14 - (-7 + -66))
71
What is -22 + 12 - (-1 - (-1 + (-5 - 0) + 63))?
48
Calculate (1 - -1) + (-1980 - -1992) - 19.
-5
2 + -4 + -27 + -22
-51
Calculate 171 - 13 - 85 - (-1 - -45).
29
Calculate -5 - (-87 + -1 + (-471 - -445 - (-14 - -3))).
98
What is the value of (-6 - -2 - 0 - -5) + 67 + -9 - 10?
49
Calculate 8 + 4 + -16 + -2 + 11.
5
What is the value of (1 - 8) + (75 + 36 - 10 - 16)?
78
Calculate -79 + 100 - (6 - (9 + (-14 - -7))).
17
Evaluate -19 + (-12 - 4 - (74 - 119)).
10
Evaluate -23 + (-140 - -122) + (9 - -1).
-31
(23 - ((34 - 34) + (-2 - -1) + 1)) + 6
29
What is the value of ((-1 - 23) + -208 + 219 - 12) + 7?
-18
Evaluate 14 + (10 - 4) + -4 + -27 - 96.
-107
Calculate 47 - (-19 + (-29 - -100)).
-5
Calculate (-3 - -11) + (8 - (11 - 0)) + (44 - -49).
98
What is the value of (-10 + 5 - 15) + 7 - (14 + -88)?
61
Calculate (-4 - 2 - -2 - 4) + -176 + 229.
45
15 + (-6 + (-9 - -21) - 31) - (-4 + -5)
-1
What is 16 + 0 + (5 + -1 - (3703 + -3713))?
30
Evaluate 137 + -179 - (-1 + 44).
-85
66 + -189 + 67 + 8
-48
Evaluate (30 - 41) + -1 + -3 + 378 + -383.
-20
What is (-1 - 4 - 11 - -3) + (-10 - -20) - 104?
-107
94 + (159 + -96 - 113)
44
-2 + -8 + 22 + 5 + -41 + -10
-34
Evaluate -884 - -810 - (-1 + -14 - (8 - 11)).
-62
Evaluate 94 + -78 + (71 - (0 - (-5 + 8))).
90
What is the value of -26 - (7 - (-4 + 16) - -15)?
-36
8 + (-2 + 3 - -1) + (0 - -1 - 12)
-1
What is 13 - 0 - ((1 - 1 - -35) + (-428 - -431))?
-25
-21 - (-5 + (46 - 52 - (-14 + -1)))
-25
Evaluate 5 + (-7 - -9) - 26 - (-16 - -7) - 36.
-46
Calculate 20 - 1 - (-689 - -670) - (-1 + -2).
41
-58 + 102 + -51 - 65
-72
What is the value of 166 + (-42 + 51 - 86)?
89
Calculate 20 - (-39 - (-25 - 85)).
-51
Calculate (-63 - (-57 + 78)) + 39.
-45
What is (1 - -1) + -1 + (11 - (-65 - -38))?
39
61 + (-45 - (-3 - 53))
72
Calculate 33 + -70 - -17 - (23 - 1).
-42
What is -1 - (13 + -21 + (-2 - -6) + 6)?
-3
Evaluate -62 + 42 - 38 - -54.
-4
-37 + -7 - (109 - 46)
-107
What is 94 - (-18 + (14 - -63))?
35
What is -6 - (-21 + -13) - 46?
-18
Calculate 109 + (-14 - -53) + -98.
50
(-15 - -32) + -14 - (2 + -12) - (18 + 15)
-20
Evaluate 36 + -33 - -5 - (-26 - 3).
37
Calculate (-45 - (-12 + 33) - -26) + (0 - 6).
-46
Calculate -13 + (-115 - -175 - (1 - -8)).
38
6 - ((-1 - -3) + 0 + 9 + -17) - 34
-22
What is -238 + 193 - (4 - (6 - -3 - -3))?
-37
What is the value of -100 - -167 - (2 + -6 + 22)?
49
Calculate (33 - 23) + 51 - 56.
5
What is the value of (-19 + 32 - (13 + -25)) +